Let i be (-158 - -169) + -6 + 1. Calculate g(i).
0
Suppose 1197 = 17*g + 432. Let a be -8 + g/(-8 - -17). Let t(r) = r**3 + 3*r**2 + 4*r + 3. Give t(a).
-9
Let p(v) = v + 4. Suppose 32*d - 30*d - 32 = 0. Suppose 0 = -2*t + 4*t - d. Let g be 8/(-2)*4/t + -3. Determine p(g).
-1
Let q(y) be the first derivative of -y**3/3 + 7*y**2/2 - 4*y + 33. Let a(t) = t**2 + 12*t + 25. Let u be (-34)/85*(-25)/(-1). Let r be a(u). What is q(r)?
6
Let r(m) = m**2 - 3. Let d be 3*188/108 + 2/(-9). Suppose d - 1 = -4*c. Let n(k) = -k - 1. Let h(g) = c*r(g) + 4*n(g). Determine h(-6).
-13
Let c be (-4)/2 - -6 - 0. Let n be 10 - (-13 - -23)*1. Suppose -c*s + 14 - 2 = n. Let h(v) = 3*v + 3. Calculate h(s).
12
Let l = 3697 + -3700. Let d(a) = a**2 + 2. Give d(l).
11
Suppose 3*t + 41 - 53 = u, 4*u + 3 = 3*t. Let d(x) be the first derivative of -x**3/3 + 3*x**2/2 - 3*x + 82. Determine d(u).
-3
Let t(h) = -h - 6. Let j be t(-10). Suppose -4*x = -4*g + 152, -5*x - 2 = -j*g + 148. Let z = -41 + g. Let l(c) = 6*c**2 - c. What is l(z)?
7
Let t(d) = d**3 - 16*d**2 + 20*d + 6. Let y be t(15). Let u = y - 79. Let n(p) = -30*p + 2*p**2 + 30*p - 3*p**2 + u. Calculate n(-3).
-7
Let b(w) be the third derivative of w**6/120 + w**5/15 - 7*w**4/24 - 2*w**3/3 - 97*w**2. Let r = -180 + 175. Calculate b(r).
6
Let f be (-15)/(-35) - -8*1/(-56)*157. Let l(v) = v**3 + 22*v**2 + 4*v + 61. Calculate l(f).
-27
Let f = -57 + 10. Let z = f + 50. Let s(m) = 2 - 6*m**z - 1 + m**3 + m**3 + m. What is s(-1)?
4
Let k(t) = 19*t**3 - 56*t**2 + 13*t + 2. Let a(b) = 10*b**3 - 30*b**2 + 7*b + 1. Let c(l) = 11*a(l) - 6*k(l). What is c(1)?
0
Let k be ((-3)/5)/(-1) + (-21138)/(-195). Suppose 12*b - k = -145. Let s(m) be the second derivative of 7*m**3/6 - m**2 + m. Calculate s(b).
-23
Suppose 7*r + 25 = 2*r. Let h = -181 - -170. Let n be r - (-78)/(-66) - 2/h. Let f(i) = i**3 + 5*i**2 - 8*i - 9. Give f(n).
3
Let v(s) be the third derivative of s**5/60 + s**4/4 - s**3/2 - 2*s**2. Let i be -1*(353 + -1 + -5). Let n = -352 - i. What is v(n)?
-8
Let j(f) = -2*f**2 - 135*f - 621. Let r be j(-5). Let t(p) = -p**3 + 2*p**2 + p + 4. What is t(r)?
-24
Let f = -571 - -573. Let g(l) = 24 + 4*l - l**f - 18*l + 5*l + 0*l**2. What is g(-11)?
2
Suppose 29*r - 24*r + 2160 = 0. Let d = r + 428. Let x(l) = 4*l**2 - l - 2 - 5*l - 5*l**2. Calculate x(d).
6
Let g(w) = 12642 + 12656 + 12652 - 37948 + 3*w. Suppose -3 = 5*l + 2. Determine g(l).
-1
Suppose -362*b + 505 = 2677. Let p(m) = 3*m**2 + 7*m - 14. Give p(b).
52
Let i(c) = 6*c**2 + 5*c - 171. Let s(n) = n - 21. Let t(a) = i(a) - 8*s(a). Give t(-4).
105
Let v(n) = 46*n - 36. Let d(u) = 284*u - 223. Let j(z) = 6*d(z) - 37*v(z). Let m(s) = -9*s**2 - 1. Let o be m(1). Determine j(o).
-26
Let l(v) = v**2 - 9*v + 2. Let p(z) = -z**2 - 13*z - 40. Let m be p(-6). Suppose -m*i = 2*i, i - 18 = -3*s. Give l(s).
-16
Let s(c) = -2*c - 2. Let z be (-8)/28 - (-51)/7. Suppose -i = 3*k - z, -15*k + 20*k = 3*i + 21. Determine s(k).
-8
Suppose -10*w + 6*w = -148. Let l(i) = -4*i - w + 29 + 16*i - 11*i. Determine l(12).
4
Let z(b) be the first derivative of b**2 + 2*b - 1849. Give z(-5).
-8
Let u(w) = -3*w**3 + 4*w**2 - 4. Let v(h) = 17*h**3 - 19*h**2 - 2*h + 20. Let x(c) = -11*u(c) - 2*v(c). Determine x(-3).
-35
Let k be 4 + (-9 - 2) + 28 + -23. Let o(d) = 5*d**3 - d + 1. Let q be o(1). Let i(y) = 2*y**2 - y - q*y**2 - 2 + 2*y**2 - y**3. Determine i(k).
4
Let l(j) = 14*j**2 + 33*j - 17. Let z(p) = -12*p**2 - 36*p + 17. Let d(s) = 4*l(s) + 5*z(s). Calculate d(-12).
17
Let p(o) = o**3 - 9*o**2 + 11*o + 5. Suppose 0 = 4*z + 5*s - 15 - 31, -s + 29 = 3*z. What is p(z)?
104
Let i(d) = -20*d + 193. Suppose 87*p - 786 + 185 = 182. Give i(p).
13
Let p(n) be the second derivative of 11*n**3/3 + 21*n**2/2 + 283*n - 4. Determine p(-2).
-23
Suppose 22*u + 42 = 29*u. Let k(q) = -4*q + 15*q + u*q + 6 - 2*q - 5*q. Give k(-4).
-34
Let b(n) = 5*n - 6*n - 9 + 45 - 2*n. Calculate b(7).
15
Let t(l) = -5*l + 3*l + l - 3. Suppose -2*j + 4 = -u, -2*u + 5*j = u + 8. Suppose -16 = -0*r - u*r. Give t(r).
-7
Let c(x) be the third derivative of -11*x**4/24 + 35*x**3/3 - x**2 - 18*x + 2. What is c(7)?
-7
Let t(j) = -j**3 - 10*j**2 - 9*j. Let o = -1954 - -1945. What is t(o)?
0
Let i(h) = 37*h - 220. Let g(x) = -18*x**2 - 88*x + 126. Let k be g(-6). Give i(k).
2
Let q(c) = 7*c + 50. Let a = 7303 - 7303. Calculate q(a).
50
Let p(b) = -b**3 - 7*b**2 + 6*b + 9. Let d be -16 + 7 + 4 - 6/2. Determine p(d).
25
Let d(y) = -2 + 3*y**2 - 6*y + 2 - 2*y**2 - 2. Suppose -5*r = 3*t - 12 - 21, 3*t = 3. Let n be d(r). Let v(q) = q. Calculate v(n).
-2
Let c = 4 + -611. Let f = c + 610. Let i(o) be the first derivative of o**4/4 - 4*o**3/3 + o**2/2 - o + 1. Determine i(f).
-7
Let a(i) be the second derivative of 7*i**4/12 + i**3/3 - 17*i**2/2 - 115*i. Let x(w) be the first derivative of a(w). Determine x(-2).
-26
Let f(y) be the first derivative of y**2 - 1/2*y**3 - 4 + 7*y. Let s(w) be the first derivative of f(w). Give s(3).
-7
Let j(o) = -o**2 - 2*o - 3. Let b be -10*(180/(-8))/5. Let z = 44 - b. Let p be ((-12)/(-10))/((-14)/10 - z). Give j(p).
-6
Suppose -32 = 4*m + 3*p, 577 = -3*m + 2*p + 587. Let l(j) = j**3 - 3*j**2 - 8*j - 7. Calculate l(m).
-11
Suppose 5*i + 3*d = 94 - 78, -3*i + 6 = 3*d. Let v(k) = -k**2 + 8*k - 2. What is v(i)?
13
Let h(g) = 5*g**2 + 2*g - 1. Suppose -10 = -5*k - 5. Let d(f) = -5*f + 22. Let z be d(4). Let s = z - k. Determine h(s).
6
Let x = 219 + -264. Let v be (-36)/(-15) - (-18)/x. Let m(f) = -5*f + 2. Determine m(v).
-8
Let y(b) = -79 - 72 + 150 - 7*b - b**2. Let m = 14 - 9. Suppose m*v + 21 = -3*l, 1 - 4 = -l. What is y(v)?
5
Let a(y) = -27*y + 93. Suppose 121*h - 57*h = -61*h + 500. What is a(h)?
-15
Let d(u) = -u**2 + 19*u - 16. Let p be d(15). Let w(c) = 16 - 6*c - p + 23. Calculate w(4).
-29
Let a(m) = -14*m**3 + 52*m**2 - 19*m - 37. Let g(y) = 5*y**3 - 17*y**2 + 7*y + 12. Let p(o) = 4*a(o) + 11*g(o). Give p(21).
5
Let k(a) be the second derivative of 0*a**4 - a**2 + 0 + 1/3*a**3 - 1/20*a**5 + 90*a. Determine k(2).
-6
Suppose -36*y - 95 = -23. Let o(j) = 3*j**3 + 4*j**2 + 5*j + 2. Let p(l) = -l**3. Let s(h) = y*p(h) - o(h). Determine s(-3).
4
Let t(v) = 6*v - 2. Let d = -141 - -143. Suppose 19*c - 18*c = -d. Calculate t(c).
-14
Let x(i) = 445*i**3 + 3 - 146*i**3 - 150*i**3 + 5*i**2 - 150*i**3. Calculate x(6).
-33
Suppose 2*y = 5*w - 9, 0 = -4*y - 4*w - 0*w - 32. Let x be -7 + 11 - ((-12)/(-4) - y). Let v(a) = -a**3 - 5*a**2 + 4*a + 9. What is v(x)?
21
Let i(u) = 3*u - 2*u + 1 - 2. Let r be i(2). Let o(t) be the third derivative of t**5/30 + t**4/12 - t**3/6 + 85*t**2 + 5*t. Give o(r).
3
Let p(g) = -3*g**2 - 2*g + 4. Let f(a) = -17*a**2 + 7*a + 107. Let h(m) = f(m) - 6*p(m). Give h(-7).
-1
Suppose i - 7 = 2. Let s(f) = -2*f - 1. Let u(h) = -5*h - 2. Let j(t) = i*s(t) - 4*u(t). Let w be ((-16)/12)/((-2)/6*2). Determine j(w).
3
Let y(l) be the first derivative of 1/3*l**4 - 1/120*l**5 - 15 + 0*l + 7/3*l**3 + 0*l**2. Let t(j) be the third derivative of y(j). What is t(0)?
8
Let z(y) be the first derivative of y**4/2 + 2*y**3/3 + 3*y**2 - 9*y + 5613. What is z(3)?
81
Let z(t) be the second derivative of t**4/12 - 35*t**3/6 + t**2/2 - 4931*t. Determine z(34).
-33
Let y = 1687 - 1669. Let s(z) = 5*z - 26. What is s(y)?
64
Let x(v) = v + 1. Let i be -17 + (25 - (11 - -2)). Give x(i).
-4
Let o(r) = 37*r - 448. Let k = -9294 + 9306. Determine o(k).
-4
Let q be (-16)/6 - (-1189)/87. Let l(y) = 2*y**2 + 7*y + 18. Let z(f) = -5*f**2 - 22*f - 53. Let t(o) = -8*l(o) - 3*z(o). Determine t(q).
4
Let n = -25 + 18. Let k(q) = 75*q + 111. Let x(s) = -11*s - 16. Let l(f) = 4*k(f) + 27*x(f). Let r(g) = 7*g + 26. Let p(y) = -5*l(y) + 2*r(y). Determine p(n).
-1
Let c(p) = -3*p + 4. Let o = 102 - 106. Let a be 2/(-2 - 10/o). Let b be 21*3/18 - a/8. What is c(b)?
-5
Suppose -80 - 4 = m. Let o = 89 + m. Let q(l) = -5*l**3 + 5*l**3 + 4*l + l**3 + 4 - 6*l**2. Give q(o).
-1
Suppose 2*m + 5 = -3*o + 4, -5*m + o + 23 = 0. Let b(s) = -9 + 3*s + s + 5. Give b(m).
12
Let p(r) = -r**3 + r**2 + 1. Let q be 17/(-85) + (-368)/10. Let x = -35 - q. Determine p(x).
-3
Let p(k) = k**2 + 10*k - 54. Let g be p(-14). Let d(c) = 3 - 1 - 65*c - 4*c**2 + 128*c - 64*c + c**g. Calculate d(-2).
-8
Let g(i) = 11*i - 38. Let a be g(13). Suppose 8*j = 